 x = -6723 + 16137. What are the prime factors of x?
2, 3, 523
Suppose -14*w + 40656 = 14*w. Suppose 12*a = w + 204. List the prime factors of a.
2, 3, 23
Let v(t) = 1 + 53*t - 4*t**2 - 71*t + 0 + 5. Let c be v(-5). What are the prime factors of ((-28)/3 - 3)*48/c?
2, 37
Suppose -c - 4*y + 21280 = 0, -3*c - 2*y = -20905 - 42915. What are the prime factors of c?
2, 2659
Let w(o) = 77*o**2 + 12*o - 23. What are the prime factors of w(7)?
2, 3, 71
Suppose 21885 + 164433 = 264*h - 246*h. What are the prime factors of h?
11, 941
List the prime factors of (-112)/12*-272*(-2)/((-56)/105).
2, 5, 7, 17
Suppose 8 = 4*m - 0. Suppose -3 - 5 = -w + 4*i, m*w - 4 = 2*i. Suppose -2*f + 3*f - 125 = 3*c, w = 4*f - 4*c - 540. What are the prime factors of f?
2, 5, 7
Let c(f) = f**2 + 9*f + 18. Let a be c(-7). Let v(n) = 6*n + 7. Let m be v(a). Let s = -1 + m. List the prime factors of s.
2, 3, 5
Let h(r) be the second derivative of -r**3/3 + 8*r**2 - 3*r. Let w be h(13). What are the prime factors of 3 + (-458)/w + (-1)/(-5)?
7
Let a = 16 + -25. Suppose 13*h + 287 = -129. Let q = a - h. What are the prime factors of q?
23
Suppose 0*j - 12 = -g - 3*j, g - 5*j = -20. Suppose -w = -g*w - 2. List the prime factors of (-36)/(-9) + 18/w.
13
Suppose 10261 = 5*s - 2*u, 3*u = 3*s - 4*s + 2059. Let c = s + -1134. List the prime factors of c.
919
Let x = 1139 - 649. Suppose b = -3*v + 2*b + 284, -x = -5*v + 5*b. What are the prime factors of v?
3, 31
Let p(z) = 4*z**2 + 2*z + 2. Let s be p(-1). Suppose -2*q - s*a = -128, q - 2*a - 368 = -4*q. Let c = q - -3. List the prime factors of c.
3, 5
Let d be (-7)/((-105)/(-6)) + 214/10. Suppose d*s = 17*s + 384. What are the prime factors of s?
2, 3
Let a be 10/(-4)*3*(-24)/90. Suppose 2*m = a*o + 318, -3*m + 819 = 2*m + o. List the prime factors of m.
163
Suppose -v - 3*v - r - 8 = 0, 2*r - 8 = 4*v. Let o(n) = 51*n**2 + 8*n + 17. Let p be o(v). Let q = -73 + p. What are the prime factors of q?
2, 3, 11
Let b = 38 - 37. Let q(z) = -1. Let k(l) = 12*l - 17. Let m(y) = b*k(y) - 6*q(y). What are the prime factors of m(10)?
109
Let t = 106923 - 46499. List the prime factors of t.
2, 7, 13, 83
Let w(l) = -l**3 + 10*l**2 - 10*l - 4. Let b be w(9). Let v = b + 19. Let i(c) = 2*c**2 - c - 5. What are the prime factors of i(v)?
61
Suppose -d + 14 = 9. Suppose -4*j = d*z - 1764, 4*j + 5*z - 426 = 3*j. Suppose 6*b = 832 + j. What are the prime factors of b?
3, 71
Let f = -2139 - -3701. Suppose -y + 3*r = -781, -y + 4*r = y - f. What are the prime factors of y?
11, 71
Let p(r) = -12. Let q(v) = v + 24. Let a(k) = -5*p(k) - 2*q(k). Let m be a(6). Suppose 4*b + 8 - 176 = m. What are the prime factors of b?
2, 3, 7
Suppose 107*t = -73*t - 2*t + 2310308. What are the prime factors of t?
2, 11, 577
What are the prime factors of ((-46708)/(-2))/((-92)/115*(-15)/6)?
11677
Let l = -6504 + 15254. What are the prime factors of l?
2, 5, 7
Let t(z) = z**2 + 23*z - 8 + 4 - 13 - 2*z**2. Let u(h) = -2*h**2 + 23*h - 18. Let k(d) = 3*t(d) - 2*u(d). List the prime factors of k(6).
3, 53
What are the prime factors of (86/6 + -3)/(21/12537)?
2, 17, 199
Let w(y) = -y**2 + 8*y + 21. Let t be w(7). Let u = 1324 + t. What are the prime factors of u?
2, 13
Let d be (0 - (-474)/5)/((-15)/(-225)). Suppose 6*z + 396 = d. What are the prime factors of z?
3, 19
What are the prime factors of (-24 + 21)*(-2)/42 + (-285736)/(-28)?
5, 13, 157
Let l = 8836 - 4596. Suppose -3*r + l = r. List the prime factors of r.
2, 5, 53
Let j = 22121 + -4160. What are the prime factors of j?
3, 5987
Let g(h) = -h**3 + 41*h**2 - 120*h - 139. What are the prime factors of g(37)?
3, 13, 23
Let u(c) = 50*c + 72. Suppose 7 = 3*d - 23. List the prime factors of u(d).
2, 11, 13
Let d(x) = -268*x**2 - 2. Let a be d(-2). Let u = -403 - a. List the prime factors of u.
11, 61
Let z be 0 - -1 - ((-8)/2 - 13). Suppose 9 = -g + z. List the prime factors of ((-246)/g - -1)/(2/(-18)).
3, 79
Let h(y) = y**2 + 11*y + 24. Let l be h(-8). Let t(c) = -11*c**2 - 273. Let g(x) = -4*x**2 - 91. Let r(i) = 8*g(i) - 3*t(i). What are the prime factors of r(l)?
7, 13
Suppose -2907 = 5*z + 14*z. List the prime factors of (-154479)/z + 5/(-3).
2, 3, 7
Suppose 0 = 54*q - 61*q. List the prime factors of (7 + 4 - -673) + q + 1.
5, 137
Let y = -641 + 747. Suppose 3*o = 3*f + 194 + y, 0 = -o + 3*f + 102. List the prime factors of o.
3, 11
Let a = -215 - -220. Let o(q) = 86*q - 16. What are the prime factors of o(a)?
2, 3, 23
Suppose 0 = -11*i + 12*i - 2955. Suppose 19*j - 6032 - i = 0. List the prime factors of j.
11, 43
Let u be ((8 + 2 + -5)/1)/1. Let q(o) = -2*o + 223. List the prime factors of q(u).
3, 71
Let f = 7547 - -48. Let a be 3 + (-42)/15 + f/25. Suppose -111 = -r - 2*h, -4*r = -4*h - 152 - a. What are the prime factors of r?
113
Let p(c) = c**2 - 9*c + 35. Let x = 55 + -51. Let o be (-3 - 2/x*2)*-4. List the prime factors of p(o).
3, 7
Let q(s) be the second derivative of -53*s**3/2 - 2*s**2 + 2*s + 60. Let f(j) = j**3 - 8*j**2 - 1. Let p be f(8). What are the prime factors of q(p)?
5, 31
Let m = 2615 - 1581. Suppose 11*r - 7*r - 2*t = m, 0 = 2*r + 3*t - 513. Suppose 0 = -5*d + r + 542. List the prime factors of d.
2, 5
Let n = 202 + -203. What are the prime factors of -3*(n - 896/7)?
3, 43
Suppose -276139 - 94811 = -30*n. What are the prime factors of n?
5, 2473
Suppose 0 = -61*k + 62*k + 2. What are the prime factors of k + 68/28 + (-17214)/(-14)?
2, 3, 5, 41
Suppose -4 = i - 25. Suppose -7*x + 0 = -i. Suppose x*l = -19 + 214. What are the prime factors of l?
5, 13
Suppose x + 2*f - 97 - 243 = 0, 0 = -4*x + 4*f + 1384. Let q = x - 37. What are the prime factors of q?
307
Suppose -25*p + 10 = -23*p. List the prime factors of 229/p*2 - 54/(-135).
2, 23
List the prime factors of ((-996)/(-16))/((-33)/(-2200)).
2, 5, 83
Let y = -12221 + 31814. What are the prime factors of y?
3, 7, 311
Let u(l) = 3*l + 1577. What are the prime factors of u(-38)?
7, 11, 19
Let p be -7 + 12 + -4 + (-4 - 3). List the prime factors of 251 + 8 + p - (4 - -1).
2, 31
Suppose -5*a - 392 = 3*a. List the prime factors of (33 - -1)/(a/(-196)).
2, 17
Let h(d) = -d**2 + 50*d + 63. Let w(n) = 6*n - 128. Let j be w(28). List the prime factors of h(j).
463
Suppose -f = 14 - 9. Let t be (-24)/f + (-4)/(-20). Suppose 3*i = -2*i - 4*p + 313, -3*p + 316 = t*i. List the prime factors of i.
5, 13
Suppose 2*j - j = 2. Suppose 0 = 5*c - 22 + j. What are the prime factors of 4/6*276/c?
2, 23
Let u(k) = 61*k + 87. Let s(q) = -122*q - 172. Let g(b) = 2*s(b) + 5*u(b). List the prime factors of g(18).
29, 41
Let k(f) = -33*f**3 + 2*f**2 + 3*f + 34048. What are the prime factors of k(0)?
2, 7, 19
Suppose 5*o - 49 + 104 = 0. Let h(m) = m**3 + 10*m**2 - 21*m - 33. List the prime factors of h(o).
7, 11
What are the prime factors of 6/42 + 145860/91?
7, 229
Let i = 38 - 31. Suppose 0 = -i*j + 2*j, 171 = w + j. Suppose x - 5*x + 2*c = -228, 5*c + w = 3*x. What are the prime factors of x?
3, 19
Let l(m) = -11*m**3 - m**2 + 12*m + 15. Suppose -444 + 465 = -7*p. List the prime factors of l(p).
3, 89
Let p(q) = -q**2 - 3*q + 6. Let l be p(-4). Suppose -l*w = 21 - 51. What are the prime factors of ((-3)/(-5))/(1/w)?
3
Let b(r) = 15*r + 11. Let p(z) = -31*z - 21. Let d(m) = 9*b(m) + 4*p(m). Let i be d(-8). Let c = 12 - i. List the prime factors of c.
5, 17
Let c(y) = y**2 + 11*y + 1. Let g be c(-11). Suppose 7 = -4*q - g. What are the prime factors of 2 - (q - -3) - -95?
2, 3
Let s be (-4)/12 - (-3)/((-9)/(-2356)). Let z = s + -234. List the prime factors of z.
19, 29
Let l = -40123 - -64312. List the prime factors of l.
3, 11, 733
Let p = -17 + 43. Suppose -3*b - 4*l + 11 = -57, -2*l - p = -b. Suppose -b = -0*o - 8*o. What are the prime factors of o?
3
Suppose -11 = j + 5*q + 10, 3*j + 30 = -4*q. Let w(b) = 4*b - 13968*b**2 - 14 - 13967*b**2 + 27937*b**2 - b**3. List the prime factors of w(j).
2, 5
Let b be (-4 - (-68)/16)*20. Let i(d) = d**3 + 7*d**2 - 4*d - 3*d - b + 0*d. What are the prime factors of i(-6)?
73
Let x(y) = y**3 - 5*y**2 - 4*y + 25. Let m be x(4). What are the prime factors of (m - -4 - 0) + 1*716?
23, 31
Let l be 8 - (-2)/(-6)*-3. Let j(a) = l + 6*a + 7 - 2*a + 0*a. List the prime factors of j(8).
2, 3
Suppose -5*l + 2*u + 48226 = -30330, u - 7 = 0